the remainder when 593 is divided by 146.
9
What is the remainder when 11876 is divided by 11?
7
Calculate the remainder when 408 is divided by 255.
153
Calculate the remainder when 2154 is divided by 216.
210
What is the remainder when 3983 is divided by 54?
41
Calculate the remainder when 252 is divided by 15.
12
Calculate the remainder when 239 is divided by 15.
14
What is the remainder when 195 is divided by 23?
11
What is the remainder when 46 is divided by 1?
0
Calculate the remainder when 297 is divided by 50.
47
What is the remainder when 4590 is divided by 28?
26
Calculate the remainder when 73 is divided by 48.
25
Calculate the remainder when 640 is divided by 21.
10
What is the remainder when 1045 is divided by 15?
10
Calculate the remainder when 818 is divided by 106.
76
Calculate the remainder when 38 is divided by 4.
2
What is the remainder when 94993 is divided by 374?
371
What is the remainder when 950 is divided by 8?
6
What is the remainder when 752 is divided by 203?
143
What is the remainder when 396 is divided by 21?
18
What is the remainder when 2222 is divided by 8?
6
What is the remainder when 187 is divided by 63?
61
What is the remainder when 258 is divided by 67?
57
Calculate the remainder when 51 is divided by 13.
12
Calculate the remainder when 83 is divided by 70.
13
Calculate the remainder when 2589 is divided by 130.
119
Calculate the remainder when 2222 is divided by 19.
18
Calculate the remainder when 2007 is divided by 6.
3
Calculate the remainder when 671 is divided by 23.
4
What is the remainder when 241 is divided by 41?
36
Calculate the remainder when 150 is divided by 22.
18
Calculate the remainder when 177 is divided by 84.
9
Calculate the remainder when 2619 is divided by 194.
97
What is the remainder when 2919 is divided by 3?
0
What is the remainder when 170 is divided by 29?
25
Calculate the remainder when 10876 is divided by 111.
109
What is the remainder when 131 is divided by 15?
11
What is the remainder when 2172 is divided by 538?
20
What is the remainder when 1411 is divided by 34?
17
What is the remainder when 2614 is divided by 119?
115
What is the remainder when 7587 is divided by 28?
27
What is the remainder when 5323 is divided by 61?
16
Calculate the remainder when 414 is divided by 26.
24
What is the remainder when 1002 is divided by 202?
194
What is the remainder when 422 is divided by 207?
8
What is the remainder when 79 is divided by 7?
2
What is the remainder when 229 is divided by 113?
3
What is the remainder when 3736 is divided by 22?
18
What is the remainder when 259 is divided by 16?
3
Calculate the remainder when 3104 is divided by 115.
114
What is the remainder when 413 is divided by 10?
3
What is the remainder when 45 is divided by 25?
20
What is the remainder when 192 is divided by 33?
27
What is the remainder when 7049 is divided by 28?
21
Calculate the remainder when 208 is divided by 25.
8
What is the remainder when 50 is divided by 22?
6
What is the remainder when 4641 is divided by 18?
15
What is the remainder when 1617 is divided by 48?
33
Calculate the remainder when 2699 is divided by 223.
23
Calculate the remainder when 3339 is divided by 60.
39
What is the remainder when 30 is divided by 21?
9
Calculate the remainder when 313 is divided by 4.
1
What is the remainder when 88 is divided by 17?
3
What is the remainder when 10 is divided by 1?
0
Calculate the remainder when 903 is divided by 91.
84
Calculate the remainder when 51 is divided by 29.
22
What is the remainder when 908 is divided by 13?
11
What is the remainder when 4988 is divided by 156?
152
What is the remainder when 7780 is divided by 236?
228
Calculate the remainder when 160 is divided by 145.
15
What is the remainder when 1438 is divided by 288?
286
Calculate the remainder when 606 is divided by 122.
118
Calculate the remainder when 951 is divided by 310.
21
Calculate the remainder when 1116 is divided by 75.
66
Calculate the remainder when 250 is divided by 36.
34
Calculate the remainder when 2184 is divided by 27.
24
Calculate the remainder when 100 is divided by 17.
15
What is the remainder when 53 is divided by 5?
3
Calculate the remainder when 521 is divided by 87.
86
Calculate the remainder when 908 is divided by 57.
53
Calculate the remainder when 326 is divided by 84.
74
What is the remainder when 122 is divided by 27?
14
Calculate the remainder when 106 is divided by 9.
7
Calculate the remainder when 668 is divided by 10.
8
What is the remainder when 7411 is divided by 17?
16
What is the remainder when 2814 is divided by 15?
9
What is the remainder when 229 is divided by 62?
43
Calculate the remainder when 7515 is divided by 26.
1
Calculate the remainder when 242 is divided by 57.
14
Calculate the remainder when 638 is divided by 32.
30
Calculate the remainder when 883 is divided by 26.
25
What is the remainder when 786 is divided by 131?
0
What is the remainder when 267 is divided by 129?
9
What is the remainder when 1704 is divided by 7?
3
What is the remainder when 19912 is divided by 7?
4
Calculate the remainder when 61 is divided by 13.
9
What is the remainder when 4965 is divided by 69?
66
Calculate the remainder when 104 is divided by 10.
4
Calculate the remainder when 191 is divided by 179.
12
Calculate the remainder when 283 is divided by 276.
7
Calculate the remainder when 2146 is divided by 25.
21
What is the remainder when 2055 is divided by 38?
3
Calculate the remainder when 279 is divided by 94.
91
What is the remainder when 816 is divided by 63?
60
What is the remainder when 6757 is divided by 5?
2
What is the remainder when 13 is divided by 4?
1
What is the remainder when 19040 is divided by 137?
134
Calculate the remainder when 20885 is divided by 177.
176
Calculate the remainder when 516 is divided by 22.
10
What is the remainder when 9 is divided by 7?
2
Calculate the remainder when 7083 is divided by 77.
76
What is the remainder when 30 is divided by 8?
6
What is the remainder when 78 is divided by 28?
22
Calculate the remainder when 106 is divided by 24.
10
Calculate the remainder when 238 is divided by 73.
19
Calculate the remainder when 11460 is divided by 11.
9
Calculate the remainder when 90 is divided by 58.
32
Calculate the remainder when 193 is divided by 73.
47
Calculate the remainder when 241 is divided by 59.
5
What is the remainder when 556 is divided by 3?
1
What is the remainder when 888 is divided by 438?
12
What is the remainder when 4534 is divided by 7?
5
What is the remainder when 1262 is divided by 115?
112
Calculate the remainder when 141 is divided by 10.
1
What is the remainder when 133 is divided by 45?
43
Calculate the remainder when 535 is divided by 54.
49
What is the remainder when 10810 is divided by 6?
4
Calculate the remainder when 141 is divided by 110.
31
What is the remainder when 150 is divided by 14?
10
Calculate the remainder when 1395 is divided by 42.
9
Calculate the remainder when 109 is divided by 39.
31
Calculate the remainder when 516 is divided by 26.
22
What is the remainder when 309 is divided by 10?
9
Calculate the remainder when 7703 is divided by 23.
21
Calculate the remainder when 3544 is divided by 56.
16
Calculate the remainder when 2173 is divided by 17.
14
What is the remainder when 118 is divided by 15?
13
What is the remainder when 195 is divided by 33?
30
Calculate the remainder when 859 is divided by 223.
190
What is the remainder when 272 is divided by 87?
11
Calculate the remainder when 390 is divided by 1.
0
Calculate the remainder when 1095 is divided by 12.
3
Calculate the remainder when 267 is divided by 53.
2
What is the remainder when 90 is divided by 36?
18
What is the remainder when 159 is divided by 73?
13
What is the remainder when 13 is divided by 5?
3
What is the remainder when 48 is divided by 23?
2
What is the remainder when 396 is divided by 40?
36
What is the remainder when 170 is divided by 25?
20
What is the remainder when 726 is divided by 225?
51
Calculate the remainder when 2980 is divided by 157.
154
Calculate the remainder when 214 is divided by 9.
7
What is the remainder when 9965 is divided by 302?
301
What is the remainder when 586 is divided by 161?
103
What is the remainder when 2